units digit of h?
4
Let t be (-1)/(2*(-1)/406). Let q = 440 - t. What is the units digit of q?
7
Suppose -109*p + 77*p = -212352. What is the hundreds digit of p?
6
What is the tens digit of (522833/(-502))/(1 - (-6)/(-4))?
8
Let w = 1036 - 1037. Let d(u) = -109*u**3 + 4*u**2 + 2*u - 1. What is the units digit of d(w)?
0
Let b = -82 + 125. Let i = b - 82. What is the units digit of (104/i)/(2/(-33))?
4
Suppose -32*h - 2603 = -171. What is the hundreds digit of (h/(-95))/((-8)/(-3980))?
3
Let i(w) = w**2 + 4*w + 18. Suppose 5*p - 3*n - 34 = 0, -3*n - 5 + 51 = 5*p. Suppose -u = p + 1. What is the units digit of i(u)?
3
Let l(h) = 178 - 321*h - 142 - 110. What is the units digit of l(-5)?
1
Let i(t) = 85*t**2 - 63*t - 544. What is the thousands digit of i(-11)?
0
Let l(c) = 3*c**3 - 9*c**2 + 135*c - 190. What is the tens digit of l(15)?
3
Let m = -21 - -53. Suppose -m*n = -27*n - 65. Suppose -10*a + n*a = -2*x + 700, a = -3*x + 231. What is the hundreds digit of a?
2
Suppose -4831 = -5*x + 2*d + 101, 0 = -3*x + d + 2959. Let a = x - 343. What is the hundreds digit of a?
6
Let l = 5847 - 1013. What is the hundreds digit of l?
8
Let u(r) = -498*r**3 + 2*r**2 + 4*r - 1. What is the tens digit of u(-2)?
8
Let o(x) = -3*x**2 + 278*x + 613. What is the thousands digit of o(36)?
6
Suppose -3*z = -4*i + 19, -4*z - 24 = -19*i + 14*i. What is the hundreds digit of 1171*2/i - (-54)/(-36)?
5
Suppose 1518759 - 262683 = 69*z. What is the units digit of z?
4
Suppose 3*d - 17 = 10. Let l = -4 + d. Suppose -5*v - 614 + 134 = -l*j, j + v - 86 = 0. What is the units digit of j?
1
Let z = 14 + -21. What is the hundreds digit of (-36)/z*(7 + 728/24)?
1
Let h = 134676 - 93515. What is the units digit of h?
1
Let u = 0 + -3. Let m be -1 + (u - -4) + 37. What is the units digit of (14 - 12)*2/4*m?
7
Let i(k) = -37*k**3 - k**2 - 3*k - 1. Let b be i(-2). Let x = 822 + -901. Let r = b + x. What is the units digit of r?
8
Suppose -4*d = w - 36375, -24*d + 5*w = -19*d - 45500. What is the thousands digit of d?
9
Suppose 0 = -40*p + 23*p + 8126. Let g = p + -92. What is the units digit of g?
6
Let r = -627 - -1093. Suppose 0 = 3*n - r - 197. What is the tens digit of n?
2
Suppose -3 = 7*v - 24. Suppose -y + 5*h = -420, -2*y + 905 = v*h - 0*h. Suppose -11*c - y = -16*c. What is the tens digit of c?
8
Let k = 10841 - 3012. What is the tens digit of k?
2
Let r(g) = 7*g**2 - 4*g - 9. Let a(v) = 6*v**2 - 5*v - 8. Let o(d) = 5*a(d) - 4*r(d). Suppose -4*n = 19 - 51. What is the tens digit of o(n)?
5
Suppose -5*z = -7*z + 4. Let h(c) = c**3 + 4*c**2 - 5*c. Let d be h(-5). Suppose d = -z*b + 5*b - 282. What is the units digit of b?
4
Suppose -v = -5879 + 1289. Suppose -4*s - 11*s = -v. What is the hundreds digit of s?
3
Let z(d) = 1100*d + 7392. What is the units digit of z(7)?
2
What is the ten thousands digit of 5054/((-2 + 0)/(-6)*126/168)?
2
Suppose -3*n + 158 = 137. Suppose -n*p + 16589 - 4059 = 0. What is the hundreds digit of p?
7
Suppose -5*m = z - 495, -3*z - 5*m + 1335 = -100. Let h = 443 + z. What is the tens digit of h?
1
Let o(y) = 277*y**2 - 31*y - 101. What is the units digit of o(-10)?
9
Let p be 3/(34/28 - 1). Suppose -p*x + x + 1326 = 0. What is the units digit of x?
2
Let t(n) be the first derivative of 223*n**3/3 - 3*n**2/2 - 3*n + 56. What is the units digit of t(2)?
3
Let c(t) = -2*t - 14. Let b be c(-9). Suppose 0 = b*g - 16, -3*s + 5*g + 448 + 1461 = 0. Suppose -s + 188 = -7*o. What is the tens digit of o?
6
Suppose -12*l + 37252 = -23336. What is the units digit of l?
9
Suppose -i + 38 = -3*i. Let z(h) = -2*h. Let b be z(i). What is the tens digit of (-16)/152 + 1030/b?
2
What is the ten thousands digit of ((-117)/36 + 4)/(2/135912)?
5
Suppose 0 = -6*k + 4*w + 137070, -3*w + 7*w - 68517 = -3*k. What is the hundreds digit of k?
8
What is the ten thousands digit of 2113/(3000/176 + -17)?
4
Let u(i) = -i**3 - 8*i**2 - 17*i - 3. Let g be u(-8). What is the tens digit of (6 - g/21)/(4/(-2892))?
4
What is the thousands digit of 1012105/45 - (-70)/1575*5/(-1)?
2
Suppose 2*p = 3*r - 11, 3*r + 3*p - 6 = 15. Suppose -r*z + 555 = -0*z. Suppose 5*l - z = 4*t - 450, -5*t = -3*l - 427. What is the units digit of t?
6
What is the thousands digit of 6348*(12/(-56))/(4/(-14))?
4
Suppose 0*t - 5*t = -10. Suppose -8 = -t*a - 0*a. What is the units digit of ((a/(-2))/(-6))/(50/900)?
6
Let p = 236 + 28. Let x be 4/(3 - 791/p). Suppose -x = 2*d - 6*d. What is the units digit of d?
4
Let l = 84 + -42. Suppose 22 = 2*z + 56. Let n = l - z. What is the tens digit of n?
5
Let h = -6559 - -11363. What is the tens digit of h?
0
Let w be 4*(-8 + 54/(-4)). Suppose n + 352 = 5*n. Let p = w + n. What is the units digit of p?
2
Let s(p) = 15*p - 12*p + 34 + 5 - 47*p - 35*p. What is the units digit of s(-11)?
8
Let p(y) = 35*y - 111. Suppose -6*x + 256 = 10*x. What is the tens digit of p(x)?
4
Let o(z) = -6526*z - 3118. What is the thousands digit of o(-4)?
2
Suppose -4*j - 5*k = -169, -4*j + 3*k + 193 = -0*k. Suppose -3*t = -l - 41, 5*t - j = 3*l + 21. Suppose t*r - 11*r = 66. What is the tens digit of r?
2
What is the tens digit of (-2 - -18)/(6/7017) - 10?
0
Let t(d) = -21*d**3 + 4*d**2 - 8*d - 13. Let c be t(-4). Let o = c - 787. What is the units digit of o?
0
What is the hundreds digit of (-396)/(-33) - (-19226 - 1) - 0?
2
Let r(m) = 278*m**2 + 6*m + 27. What is the units digit of r(5)?
7
Let w(t) = -6*t - 26. Let d be w(-5). Suppose -d*r - 310 = -6*r. Let u = r - 46. What is the units digit of u?
9
Suppose 6 = 3*u - 0. Suppose 0 = -u*a - 14*a + 32. Suppose -2*x = -w - w + 44, -a*w + 48 = 2*x. What is the units digit of w?
3
What is the units digit of ((-23420)/(-18))/(648/23328)?
0
Let p(d) be the third derivative of d**6/60 - 11*d**5/60 + d**4/3 + 20*d**3/3 - 14*d**2 - 3. What is the hundreds digit of p(8)?
4
What is the thousands digit of 7/2*(1917 - -21)?
6
Let a = 2417 - 650. What is the thousands digit of a?
1
Let g(m) = 26*m**2 + 73*m + 1764. What is the tens digit of g(-34)?
3
Let n(p) = -8007*p + 228. What is the tens digit of n(-1)?
3
Suppose 6 = -2*p + 4*i, -5*p = -4*i + 7 - 22. Suppose 0 = p*y - 0*y - 21. Suppose 40 = -y*k + 268. What is the tens digit of k?
7
What is the hundreds digit of (10/(-4) + 3/(-18))*(-105309)/12?
4
Suppose -3*v - 4*j = 50209 - 131029, 4*v - 3*j - 107760 = 0. What is the thousands digit of v?
6
Let b = 434 - 737. What is the units digit of 2*6/(-18)*b?
2
Suppose 3*n - 24 = -0. Suppose 3841 = n*s + 1017. What is the tens digit of s?
5
Suppose l + 56 = -3*l. Let i be 0 - 7/(l/6). Suppose 0 = -i*s + j + 68, -s = -4*s + 3*j + 66. What is the tens digit of s?
2
Suppose d - 3*v - 1333933 = 0, 4*d - d - v = 4001839. What is the units digit of d/915 + 2/15?
8
Suppose -3*v = -9*v. Suppose h - 10*h - 27 = v. What is the tens digit of ((-76)/12)/(h/27)?
5
Suppose -3*j - 204876 = -3*b - 17748, 0 = 5*b - 4*j - 311877. What is the hundreds digit of b?
3
Suppose -4 = -m, -4*q - q + 16 = -m. Let o = 35 + -18. Suppose 4*n = 3*k + o, -n = 4*k - q*n + 11. What is the units digit of k?
1
Let c(v) = -4506*v - 1939. What is the ten thousands digit of c(-6)?
2
Let h be ((-208)/312)/((-2)/(-3)). Let s(j) = -1156*j**3 + 2*j**2 + j. What is the units digit of s(h)?
7
Let v(j) = j**3 - 16*j**2 + 17*j - 39. Let x be v(15). Let g(y) = -2*y**2 - 13*y + 30. Let q be g(x). What is the tens digit of (30 + q)*(78/9 - -2)?
6
Let h(o) = -7*o - 100. Let z be h(-15). Let p = 111 + z. What is the units digit of p?
6
Let r = 357 - 353. What is the units digit of 90/((-12)/(-32)*r)?
0
Suppose -18 - 162 = 6*o. Let r = o + 47. Suppose r*z - 4158 = 3*z. What is the hundreds digit of z?
2
Let i be (10/1)/(6 - 5826/972). Suppose i = 94*a - 89*a. What is the units digit of a?
4
Suppose -c + 17 = -4*o - 0*c, -4*o = 2*c + 2. Suppose -38*u - 364 = 10*u + 20. What is the tens digit of u/(-20)*(1 + o + 472)?
8
Let n(b) = -117*b**3 + b**2 + 9*b - 17. Let t(z) = 235*z**3 - z**2 - 18*z + 34. Let u(f) = 7*n(f) + 4*t(f). What is the units digit of u(2)?
9
Let q(o) = -4503*o**3 - 4*o**2 - 3. What is the hundreds digit of q(-2)?
0
Suppose -6*a + 630 - 1938 = 0. Let h = a - -435. What is the tens digit of h?
1
Let h(g) = -18*g + 34*g - 26*g - 56 - 16*g + 212. What is the tens digit of h(-19)?
5
Let m = 9